{"id":159,"date":"2024-11-14T08:42:08","date_gmt":"2024-11-14T08:42:08","guid":{"rendered":"https:\/\/wordpress.elia.eus\/index.php\/traductor-automatico-de-elhuyar\/"},"modified":"2025-09-29T14:45:42","modified_gmt":"2025-09-29T14:45:42","slug":"traductor-automatico-de-elhuyar","status":"publish","type":"page","link":"https:\/\/wordpress.elia.eus\/index.php\/traductor-automatico-de-elhuyar\/?lang=es","title":{"rendered":"Traductor autom\u00e1tico de Elhuyar"},"content":{"rendered":"\n<div class=\"wp-block-group alignfull has-accent-4-background-color has-background is-vertical is-content-justification-center is-nowrap is-layout-flex wp-container-core-group-is-layout-2215816d wp-block-group-is-layout-flex\" style=\"min-height:100vh;margin-top:0;margin-bottom:0;padding-top:var(--wp--preset--spacing--50);padding-right:var(--wp--preset--spacing--50);padding-bottom:var(--wp--preset--spacing--50);padding-left:var(--wp--preset--spacing--50)\">\n<div class=\"wp-block-columns alignwide are-vertically-aligned-center is-layout-flex wp-container-core-columns-is-layout-47c06fe3 wp-block-columns-is-layout-flex\">\n<div class=\"wp-block-column is-vertically-aligned-center is-layout-flow wp-block-column-is-layout-flow\" style=\"flex-basis:40%\">\n<div class=\"wp-block-group is-layout-flow wp-container-core-group-is-layout-8f7ed23f wp-block-group-is-layout-flow\" style=\"min-height:100%;margin-top:0;margin-bottom:0;padding-right:0;padding-left:0\">\n<h1 class=\"wp-block-heading has-text-align-right\" style=\"margin-right:0;margin-left:calc( var(--wp--preset--spacing--20) * -1);font-size:clamp(5.174rem, 5.174rem + ((1vw - 0.2rem) * 11.377), 12rem);line-height:1;writing-mode:vertical-rl\">Elia<\/h1>\n\n\n\n<div class=\"wp-block-group has-global-padding is-content-justification-left is-layout-constrained wp-container-core-group-is-layout-0207514c wp-block-group-is-layout-constrained\" style=\"padding-right:0;padding-left:0\">\n<p class=\"wp-container-content-0733e5d0\">Basado en inteligencia artificial y redes neuronales<\/p>\n\n\n\n<p class=\"wp-container-content-0733e5d0\"><a href=\"https:\/\/elia.eus\/itzultzailea\">Ir al traductor<\/a><\/p>\n\n\n\n<div class=\"wp-block-buttons is-layout-flex wp-block-buttons-is-layout-flex\">\n<div class=\"wp-block-button\"><a class=\"wp-block-button__link wp-element-button\">Reserve your spot<\/a><\/div>\n<\/div>\n<\/div>\n<\/div>\n<\/div>\n\n\n\n<div class=\"wp-block-column is-vertically-aligned-top is-layout-flow wp-block-column-is-layout-flow\" style=\"flex-basis:60%\">\n<figure class=\"wp-block-image size-full is-style-rounded is-style-rounded--1\"><img loading=\"lazy\" decoding=\"async\" width=\"1000\" height=\"667\" src=\"https:\/\/wordpress.elia.eus\/wp-content\/uploads\/2024\/11\/eskuan-mugikorra_elia_sm.webp\" alt=\"\" class=\"wp-image-132\" style=\"aspect-ratio:3\/4;object-fit:cover\" srcset=\"https:\/\/wordpress.elia.eus\/wp-content\/uploads\/2024\/11\/eskuan-mugikorra_elia_sm.webp 1000w, https:\/\/wordpress.elia.eus\/wp-content\/uploads\/2024\/11\/eskuan-mugikorra_elia_sm-300x200.webp 300w, https:\/\/wordpress.elia.eus\/wp-content\/uploads\/2024\/11\/eskuan-mugikorra_elia_sm-768x512.webp 768w\" sizes=\"auto, (max-width: 1000px) 100vw, 1000px\" \/><\/figure>\n<\/div>\n<\/div>\n<\/div>\n\n<h2 class=\"wp-block-heading\"><elia-notrans>Traductores autom\u00e1ticos de Elhuyar<br\/>6 idiomas conocidos<\/elia-notrans><\/h2>\n\n<p>Realiza traducciones entre los siguientes seis idiomas:<br\/>euskera, castellano, franc\u00e9s, ingl\u00e9s, catal\u00e1n y gallego.<\/p>\n\n<figure class=\"wp-block-image size-full\"><img loading=\"lazy\" decoding=\"async\" width=\"1000\" height=\"641\" src=\"https:\/\/wordpress.elia.eus\/wp-content\/uploads\/2024\/11\/brain.webp\" alt=\"\" class=\"wp-image-138\" srcset=\"https:\/\/wordpress.elia.eus\/wp-content\/uploads\/2024\/11\/brain.webp 1000w, https:\/\/wordpress.elia.eus\/wp-content\/uploads\/2024\/11\/brain-300x192.webp 300w, https:\/\/wordpress.elia.eus\/wp-content\/uploads\/2024\/11\/brain-768x492.webp 768w\" sizes=\"auto, (max-width: 1000px) 100vw, 1000px\" \/><\/figure>\n\n<h2 class=\"wp-block-heading\">Traductor sobre tu escritorio<br\/><\/h2>\n\n<blockquote class=\"wp-block-quote is-layout-flow wp-block-quote-is-layout-flow\">\n<p>Instale Elia en su ordenador. Volver desde cualquier aplicaci\u00f3n pulsando Ctrl + C Ctrl + C e insertar la traducci\u00f3n pulsando Ctrl + V Ctrl + V + V. M\u00e1s informaci\u00f3n en el manual.<\/p>\n\n\n\n<p>Descargar aplicaciones desde https:\/\/elia.eus\/static\/app\/Elia%201.0.1.zip<\/p>\n<\/blockquote>\n\n<h2 class=\"wp-block-heading\">Traducci\u00f3n de documentos<\/h2>\n\n<p>Traducci\u00f3n autom\u00e1tica de calidad de documentos en pocos segundos. Reg\u00edstrate y devuelve los documentos. Los documentos sueltos se pueden pagar con tarjeta y los tres primeros son gratis.<\/p>\n\n<p>Soporta todos los formatos habituales: Word, PowerPoint, Excel, LibreOffice &#8230; y diversos formatos profesionales: InDesign (idml), xliff, html, tex, po, srt &#8230;<\/p>\n\n<p>Devolver los documentos completos y pagar con tarjeta de forma muy sencilla: 0,008 \u20ac\/palabra<\/p>\n\n<div class=\"wp-block-columns is-layout-flex wp-container-core-columns-is-layout-28f84493 wp-block-columns-is-layout-flex\">\n<div class=\"wp-block-column is-layout-flow wp-block-column-is-layout-flow\">\n<h2 class=\"wp-block-heading\">Investigaci\u00f3n y desarrollo<\/h2>\n\n\n\n<p>La tecnolog\u00eda que utiliza El\u00eda es la generada en el Centro de Inteligencia Artificial Orai.<\/p>\n\n\n\n<p>Las tecnolog\u00edas Orai NLP en el centro de trabajo realizan investigaci\u00f3n, desarrollo e innovaci\u00f3n en inteligencia artificial, un tejido industrial y empresarial m\u00e1s competitivo, una administraci\u00f3n p\u00fablica m\u00e1s eficiente y una sociedad m\u00e1s inclusiva sustatzeko.Informazio m\u00e1s<\/p>\n<\/div>\n\n\n\n<div class=\"wp-block-column is-layout-flow wp-block-column-is-layout-flow\">\n<h2 class=\"wp-block-heading\">Recorrido<\/h2>\n\n\n\n<h3 class=\"wp-block-heading\">Elhuyar es referente en el tratamiento del euskera y de las lenguas del entorno.<br\/>Hemos creado diversos recursos ling\u00fc\u00edsticos: diccionarios, corrector de Xuxen&#8230;<\/h3>\n\n\n\n<hr class=\"wp-block-separator has-alpha-channel-opacity\"\/>\n\n\n\n<h3 class=\"wp-block-heading\">Llevamos m\u00e1s de 15 a\u00f1os en el campo de la traducci\u00f3n autom\u00e1tica.<br\/>En colaboraci\u00f3n con el grupo de investigaci\u00f3n IXA de la UPV\/EHU.<\/h3>\n<\/div>\n\n\n\n<div class=\"wp-block-column is-layout-flow wp-block-column-is-layout-flow\">\n<h2 class=\"wp-block-heading\">Clientes<\/h2>\n\n\n\n<h3 class=\"wp-block-heading\">Algunos clientes que ya est\u00e1n utilizando elia.eus.<\/h3>\n<\/div>\n<\/div>\n","protected":false},"excerpt":{"rendered":"<p>Elia Basado en inteligencia artificial y redes neuronales Ir al traductor Traductores autom\u00e1ticos de Elhuyar6 idiomas conocidos Realiza traducciones entre los siguientes seis idiomas:euskera, castellano, franc\u00e9s, ingl\u00e9s, catal\u00e1n y gallego. Traductor sobre tu escritorio Instale Elia en su ordenador. Volver desde cualquier aplicaci\u00f3n pulsando Ctrl + C Ctrl + C e insertar la traducci\u00f3n pulsando [&hellip;]<\/p>\n","protected":false},"author":2,"featured_media":0,"parent":0,"menu_order":0,"comment_status":"closed","ping_status":"closed","template":"","meta":{"footnotes":""},"class_list":["post-159","page","type-page","status-publish","hentry"],"_links":{"self":[{"href":"https:\/\/wordpress.elia.eus\/index.php\/wp-json\/wp\/v2\/pages\/159","targetHints":{"allow":["GET"]}}],"collection":[{"href":"https:\/\/wordpress.elia.eus\/index.php\/wp-json\/wp\/v2\/pages"}],"about":[{"href":"https:\/\/wordpress.elia.eus\/index.php\/wp-json\/wp\/v2\/types\/page"}],"author":[{"embeddable":true,"href":"https:\/\/wordpress.elia.eus\/index.php\/wp-json\/wp\/v2\/users\/2"}],"replies":[{"embeddable":true,"href":"https:\/\/wordpress.elia.eus\/index.php\/wp-json\/wp\/v2\/comments?post=159"}],"version-history":[{"count":9,"href":"https:\/\/wordpress.elia.eus\/index.php\/wp-json\/wp\/v2\/pages\/159\/revisions"}],"predecessor-version":[{"id":354,"href":"https:\/\/wordpress.elia.eus\/index.php\/wp-json\/wp\/v2\/pages\/159\/revisions\/354"}],"wp:attachment":[{"href":"https:\/\/wordpress.elia.eus\/index.php\/wp-json\/wp\/v2\/media?parent=159"}],"curies":[{"name":"wp","href":"https:\/\/api.w.org\/{rel}","templated":true}]}}